{"id":117,"date":"2018-03-22T14:04:32","date_gmt":"2018-03-22T13:04:32","guid":{"rendered":"http:\/\/www.ffc-comitedromecyclisme.com\/wordpress472\/?page_id=117"},"modified":"2026-04-28T16:53:09","modified_gmt":"2026-04-28T14:53:09","slug":"tdjv-drome-isere","status":"publish","type":"page","link":"https:\/\/www.ffc-comitedromecyclisme.com\/wordpress472\/vtt-2\/tdjv-drome-isere\/","title":{"rendered":"TDJV Ard\u00e8che Dr\u00f4me Is\u00e8re 2026"},"content":{"rendered":"<p><strong>Calendrier 2026<\/strong><\/p>\n<div class=\"page\" title=\"Page 2\">\n<div class=\"page\" title=\"Page 2\">\n<div class=\"section\">\n<div class=\"layoutArea\">\n<div class=\"column\">\n<p>Dim. 29 mars \u00a0Vallon Trial XCO<\/p>\n<\/div>\n<\/div>\n<\/div>\n<\/div>\n<\/div>\n<div class=\"page\" title=\"Page 2\">\n<div class=\"section\">\n<div class=\"layoutArea\">\n<div class=\"column\">\n<p>Dim. 26 Avril Saillans XCO\u00a0<\/p>\n<\/div>\n<p>Dim. 13 septembre \u00a0Mont\u00e9limar XCE XCO<\/p>\n<\/div>\n<\/div>\n<\/div>\n<div class=\"page\" title=\"Page 2\">\n<div class=\"section\">\n<div class=\"layoutArea\">\n<div class=\"column\">\n<p>Dim. 27 Septembre St Pierre de Charteuse \u00a0DH XCO<\/p>\n<\/div>\n<div class=\"page\" title=\"Page 2\">\n<div class=\"section\">\n<div class=\"layoutArea\">\n<div class=\"column\">\n<p>Dim. 4 octobre \u00a0Seyssins XCE \u00a0XCO<\/p>\n<\/div>\n<\/div>\n<\/div>\n<\/div>\n<\/div>\n<\/div>\n<\/div>\n\n\n<h2 class=\"wp-block-heading\">Resultat de Vallon<\/h2>\n\n\n\n<div data-wp-interactive=\"core\/file\" class=\"wp-block-file\"><object data-wp-bind--hidden=\"!state.hasPdfPreview\" hidden class=\"wp-block-file__embed\" data=\"https:\/\/www.ffc-comitedromecyclisme.com\/wordpress472\/wp-content\/uploads\/2026\/04\/Vallon-TDJV.pdf\" type=\"application\/pdf\" style=\"width:100%;height:600px\" aria-label=\"Contenu embarqu\u00e9 Vallon TDJV.\"><\/object><a id=\"wp-block-file--media-53a09430-2b3d-4c12-aa4f-2100d1a3d4f1\" href=\"https:\/\/www.ffc-comitedromecyclisme.com\/wordpress472\/wp-content\/uploads\/2026\/04\/Vallon-TDJV.pdf\">Vallon TDJV<\/a><a href=\"https:\/\/www.ffc-comitedromecyclisme.com\/wordpress472\/wp-content\/uploads\/2026\/04\/Vallon-TDJV.pdf\" class=\"wp-block-file__button wp-element-button\" download aria-describedby=\"wp-block-file--media-53a09430-2b3d-4c12-aa4f-2100d1a3d4f1\">T\u00e9l\u00e9charger<\/a><\/div>\n\n\n\n<p>R\u00e9sultats du TIDJV de Saillans du 26\/04\/2026<\/p>\n\n\n\n<div data-wp-interactive=\"core\/file\" class=\"wp-block-file\"><object data-wp-bind--hidden=\"!state.hasPdfPreview\" hidden class=\"wp-block-file__embed\" data=\"https:\/\/www.ffc-comitedromecyclisme.com\/wordpress472\/wp-content\/uploads\/2026\/04\/classement-Saillans.pdf\" type=\"application\/pdf\" style=\"width:100%;height:600px\" aria-label=\"Contenu embarqu\u00e9 classement Saillans.\"><\/object><a id=\"wp-block-file--media-5a3c08d4-928b-415c-8a0b-773a26d04ae2\" href=\"https:\/\/www.ffc-comitedromecyclisme.com\/wordpress472\/wp-content\/uploads\/2026\/04\/classement-Saillans.pdf\">classement Saillans<\/a><a href=\"https:\/\/www.ffc-comitedromecyclisme.com\/wordpress472\/wp-content\/uploads\/2026\/04\/classement-Saillans.pdf\" class=\"wp-block-file__button wp-element-button\" download aria-describedby=\"wp-block-file--media-5a3c08d4-928b-415c-8a0b-773a26d04ae2\">T\u00e9l\u00e9charger<\/a><\/div>\n","protected":false},"excerpt":{"rendered":"<p>Calendrier 2026 Dim. 29 mars \u00a0Vallon Trial XCO Dim. 26 Avril Saillans XCO\u00a0 Dim. 13 septembre \u00a0Mont\u00e9limar XCE XCO Dim. 27 Septembre [&hellip;]<\/p>\n","protected":false},"author":1,"featured_media":0,"parent":44,"menu_order":0,"comment_status":"closed","ping_status":"closed","template":"","meta":{"footnotes":""},"class_list":["post-117","page","type-page","status-publish","hentry"],"_links":{"self":[{"href":"https:\/\/www.ffc-comitedromecyclisme.com\/wordpress472\/wp-json\/wp\/v2\/pages\/117","targetHints":{"allow":["GET"]}}],"collection":[{"href":"https:\/\/www.ffc-comitedromecyclisme.com\/wordpress472\/wp-json\/wp\/v2\/pages"}],"about":[{"href":"https:\/\/www.ffc-comitedromecyclisme.com\/wordpress472\/wp-json\/wp\/v2\/types\/page"}],"author":[{"embeddable":true,"href":"https:\/\/www.ffc-comitedromecyclisme.com\/wordpress472\/wp-json\/wp\/v2\/users\/1"}],"replies":[{"embeddable":true,"href":"https:\/\/www.ffc-comitedromecyclisme.com\/wordpress472\/wp-json\/wp\/v2\/comments?post=117"}],"version-history":[{"count":49,"href":"https:\/\/www.ffc-comitedromecyclisme.com\/wordpress472\/wp-json\/wp\/v2\/pages\/117\/revisions"}],"predecessor-version":[{"id":1550,"href":"https:\/\/www.ffc-comitedromecyclisme.com\/wordpress472\/wp-json\/wp\/v2\/pages\/117\/revisions\/1550"}],"up":[{"embeddable":true,"href":"https:\/\/www.ffc-comitedromecyclisme.com\/wordpress472\/wp-json\/wp\/v2\/pages\/44"}],"wp:attachment":[{"href":"https:\/\/www.ffc-comitedromecyclisme.com\/wordpress472\/wp-json\/wp\/v2\/media?parent=117"}],"curies":[{"name":"wp","href":"https:\/\/api.w.org\/{rel}","templated":true}]}}