{"id":262,"date":"2018-05-08T18:15:45","date_gmt":"2018-05-08T16:15:45","guid":{"rendered":"http:\/\/www.ffc-comitedromecyclisme.com\/wordpress472\/?page_id=262"},"modified":"2018-05-08T18:55:35","modified_gmt":"2018-05-08T16:55:35","slug":"chabeuil-bmx","status":"publish","type":"page","link":"https:\/\/www.ffc-comitedromecyclisme.com\/wordpress472\/bmx\/chabeuil-bmx\/","title":{"rendered":"CHABEUIL BMX"},"content":{"rendered":"<p>Pr\u00e9sident : <strong>Johann BOURGEAC<\/strong><img loading=\"lazy\" decoding=\"async\" class=\"wp-image-307 alignright\" src=\"https:\/\/www.ffc-comitedromecyclisme.com\/wordpress472\/wp-content\/uploads\/2018\/05\/CHABEUIL-BMX.jpg\" alt=\"\" width=\"291\" height=\"313\" \/><\/p>\n<p>T\u00e9l\u00e9phone : 06.12.45.30.48<\/p>\n<p>Site web : <a href=\"https:\/\/www.chabeuilbmx.fr\/\">https:\/\/www.chabeuilbmx.fr<\/a><\/p>\n","protected":false},"excerpt":{"rendered":"<p>Pr\u00e9sident : Johann BOURGEAC T\u00e9l\u00e9phone : 06.12.45.30.48 Site web : https:\/\/www.chabeuilbmx.fr<\/p>\n","protected":false},"author":4,"featured_media":0,"parent":42,"menu_order":0,"comment_status":"closed","ping_status":"closed","template":"","meta":{"footnotes":""},"class_list":["post-262","page","type-page","status-publish","hentry"],"_links":{"self":[{"href":"https:\/\/www.ffc-comitedromecyclisme.com\/wordpress472\/wp-json\/wp\/v2\/pages\/262","targetHints":{"allow":["GET"]}}],"collection":[{"href":"https:\/\/www.ffc-comitedromecyclisme.com\/wordpress472\/wp-json\/wp\/v2\/pages"}],"about":[{"href":"https:\/\/www.ffc-comitedromecyclisme.com\/wordpress472\/wp-json\/wp\/v2\/types\/page"}],"author":[{"embeddable":true,"href":"https:\/\/www.ffc-comitedromecyclisme.com\/wordpress472\/wp-json\/wp\/v2\/users\/4"}],"replies":[{"embeddable":true,"href":"https:\/\/www.ffc-comitedromecyclisme.com\/wordpress472\/wp-json\/wp\/v2\/comments?post=262"}],"version-history":[{"count":3,"href":"https:\/\/www.ffc-comitedromecyclisme.com\/wordpress472\/wp-json\/wp\/v2\/pages\/262\/revisions"}],"predecessor-version":[{"id":313,"href":"https:\/\/www.ffc-comitedromecyclisme.com\/wordpress472\/wp-json\/wp\/v2\/pages\/262\/revisions\/313"}],"up":[{"embeddable":true,"href":"https:\/\/www.ffc-comitedromecyclisme.com\/wordpress472\/wp-json\/wp\/v2\/pages\/42"}],"wp:attachment":[{"href":"https:\/\/www.ffc-comitedromecyclisme.com\/wordpress472\/wp-json\/wp\/v2\/media?parent=262"}],"curies":[{"name":"wp","href":"https:\/\/api.w.org\/{rel}","templated":true}]}}