{"id":270,"date":"2018-05-08T18:23:13","date_gmt":"2018-05-08T16:23:13","guid":{"rendered":"http:\/\/www.ffc-comitedromecyclisme.com\/wordpress472\/?page_id=270"},"modified":"2018-05-08T18:42:52","modified_gmt":"2018-05-08T16:42:52","slug":"bicross-club-montilien","status":"publish","type":"page","link":"https:\/\/www.ffc-comitedromecyclisme.com\/wordpress472\/bmx\/bicross-club-montilien\/","title":{"rendered":"BICROSS CLUB MONTILIEN"},"content":{"rendered":"<p><strong>Pr\u00e9sident : <\/strong>Virgil CHAUTARD<\/p>\n<p>T\u00e9l\u00e9phone : 06.10.27.86.41<img loading=\"lazy\" decoding=\"async\" class=\"size-full wp-image-296 alignright\" src=\"https:\/\/www.ffc-comitedromecyclisme.com\/wordpress472\/wp-content\/uploads\/2018\/05\/montelimar-1.png\" alt=\"\" width=\"265\" height=\"178\" srcset=\"https:\/\/www.ffc-comitedromecyclisme.com\/wordpress472\/wp-content\/uploads\/2018\/05\/montelimar-1.png 265w, https:\/\/www.ffc-comitedromecyclisme.com\/wordpress472\/wp-content\/uploads\/2018\/05\/montelimar-1-230x154.png 230w\" sizes=\"auto, (max-width: 265px) 100vw, 265px\" \/><\/p>\n<p>Site web : <a href=\"https:\/\/www.montelimarbmxracing.fr\/\">https:\/\/www.montelimarbmxracing.fr\/<\/a><\/p>\n","protected":false},"excerpt":{"rendered":"<p>Pr\u00e9sident : Virgil CHAUTARD T\u00e9l\u00e9phone : 06.10.27.86.41 Site web : https:\/\/www.montelimarbmxracing.fr\/<\/p>\n","protected":false},"author":4,"featured_media":0,"parent":42,"menu_order":0,"comment_status":"closed","ping_status":"closed","template":"","meta":{"footnotes":""},"class_list":["post-270","page","type-page","status-publish","hentry"],"_links":{"self":[{"href":"https:\/\/www.ffc-comitedromecyclisme.com\/wordpress472\/wp-json\/wp\/v2\/pages\/270","targetHints":{"allow":["GET"]}}],"collection":[{"href":"https:\/\/www.ffc-comitedromecyclisme.com\/wordpress472\/wp-json\/wp\/v2\/pages"}],"about":[{"href":"https:\/\/www.ffc-comitedromecyclisme.com\/wordpress472\/wp-json\/wp\/v2\/types\/page"}],"author":[{"embeddable":true,"href":"https:\/\/www.ffc-comitedromecyclisme.com\/wordpress472\/wp-json\/wp\/v2\/users\/4"}],"replies":[{"embeddable":true,"href":"https:\/\/www.ffc-comitedromecyclisme.com\/wordpress472\/wp-json\/wp\/v2\/comments?post=270"}],"version-history":[{"count":3,"href":"https:\/\/www.ffc-comitedromecyclisme.com\/wordpress472\/wp-json\/wp\/v2\/pages\/270\/revisions"}],"predecessor-version":[{"id":297,"href":"https:\/\/www.ffc-comitedromecyclisme.com\/wordpress472\/wp-json\/wp\/v2\/pages\/270\/revisions\/297"}],"up":[{"embeddable":true,"href":"https:\/\/www.ffc-comitedromecyclisme.com\/wordpress472\/wp-json\/wp\/v2\/pages\/42"}],"wp:attachment":[{"href":"https:\/\/www.ffc-comitedromecyclisme.com\/wordpress472\/wp-json\/wp\/v2\/media?parent=270"}],"curies":[{"name":"wp","href":"https:\/\/api.w.org\/{rel}","templated":true}]}}